{"id":244,"date":"2025-02-21T09:15:30","date_gmt":"2025-02-21T08:15:30","guid":{"rendered":"https:\/\/www.ra-foerster.de\/wordpress\/?page_id=244"},"modified":"2025-03-18T16:47:51","modified_gmt":"2025-03-18T15:47:51","slug":"arbeitsrecht","status":"publish","type":"page","link":"https:\/\/www.ra-foerster.de\/wordpress\/arbeitsrecht\/","title":{"rendered":"Arbeitsrecht"},"content":{"rendered":"\n<h1 class=\"wp-block-heading\">Arbeitsrecht<\/h1>\n\n\n\n<div style=\"height:2rem\" aria-hidden=\"true\" class=\"wp-block-spacer\"><\/div>\n\n\n\n<div class=\"wp-block-columns is-layout-flex wp-container-core-columns-is-layout-28f84493 wp-block-columns-is-layout-flex\">\n<div class=\"wp-block-column is-layout-flow wp-block-column-is-layout-flow\">\n<p class=\"has-medium-font-size\">Sowohl als&nbsp;<strong>Arbeitgeber<\/strong>&nbsp;wie als&nbsp;<strong>Arbeitnehmer<\/strong>&nbsp;ist es wichtig, bei&nbsp;<strong>arbeitsrechtlichen Fragen<\/strong>&nbsp;qualifizierte Unterst\u00fctzung zu erhalten, um Folgeprobleme zu verhindern.<br>Nutzen Sie deshalb unsere gro\u00dfe Erfahrung in diesen Belangen.<\/p>\n\n\n\n<p class=\"has-medium-font-size\"><strong>Wir beraten und vertreten Sie in folgenden Fragen:<\/strong><\/p>\n\n\n\n<ul class=\"wp-block-list has-medium-font-size\">\n<li class=\"has-medium-font-size\">Individualarbeitsrecht<\/li>\n\n\n\n<li class=\"has-medium-font-size\">Arbeitsvertrag<\/li>\n\n\n\n<li class=\"has-medium-font-size\">K\u00fcndigungsrecht<\/li>\n\n\n\n<li class=\"has-medium-font-size\">Arbeitszeugnisse<\/li>\n\n\n\n<li class=\"has-medium-font-size\">Lohn<\/li>\n\n\n\n<li class=\"has-medium-font-size\">Abmahnung<\/li>\n\n\n\n<li class=\"has-medium-font-size\">\u00dcberstunden<\/li>\n\n\n\n<li class=\"has-medium-font-size\">Urlaub<\/li>\n\n\n\n<li class=\"has-medium-font-size\">Kollektives Arbeitsrecht<\/li>\n\n\n\n<li class=\"has-medium-font-size\">Mitbestimmungs- und<\/li>\n\n\n\n<li class=\"has-medium-font-size\">Betriebsverfassungsrecht<\/li>\n\n\n\n<li class=\"has-medium-font-size\">Betriebsrat, Personalrat<\/li>\n\n\n\n<li class=\"has-medium-font-size\">Elternzeit \/ Mutterschutz<\/li>\n\n\n\n<li class=\"has-medium-font-size\">Teilzeit<\/li>\n\n\n\n<li class=\"has-medium-font-size\">Schwerbehindertenrecht<\/li>\n<\/ul>\n<\/div>\n<\/div>\n\n\n\n<div style=\"height:2rem\" aria-hidden=\"true\" class=\"wp-block-spacer\"><\/div>\n\n\n\n<p class=\"has-text-align-center\"><strong>Kurzinformation von RAin Susanne D\u00f6hring zum Arbeitsrecht als Videoclip<\/strong><\/p>\n\n\n\n<div class=\"wp-block-columns is-layout-flex wp-container-core-columns-is-layout-193a76bc wp-block-columns-is-layout-flex\" style=\"padding-right:4rem;padding-left:4rem\">\n<div class=\"wp-block-column is-layout-flow wp-block-column-is-layout-flow\">\n<figure class=\"wp-block-embed is-type-video is-provider-youtube wp-block-embed-youtube wp-embed-aspect-16-9 wp-has-aspect-ratio\" style=\"margin-top:2rem;margin-right:0rem;margin-bottom:2rem;margin-left:0rem\"><div class=\"wp-block-embed__wrapper\">\n<iframe loading=\"lazy\" title=\"Rechtsanw\u00e4ltin Susanne D\u00f6hring zum Thema Arbeitsrecht -  Kanzlei Dr. Foerster und Partner F\u00fcrth\" width=\"500\" height=\"281\" src=\"https:\/\/www.youtube.com\/embed\/YKrjEHmfCbI?feature=oembed\" frameborder=\"0\" allow=\"accelerometer; autoplay; clipboard-write; encrypted-media; gyroscope; picture-in-picture; web-share\" referrerpolicy=\"strict-origin-when-cross-origin\" allowfullscreen><\/iframe>\n<\/div><\/figure>\n<\/div>\n<\/div>\n","protected":false},"excerpt":{"rendered":"<p>Arbeitsrecht Sowohl als&nbsp;Arbeitgeber&nbsp;wie als&nbsp;Arbeitnehmer&nbsp;ist es wichtig, bei&nbsp;arbeitsrechtlichen Fragen&nbsp;qualifizierte Unterst\u00fctzung zu erhalten, um Folgeprobleme zu verhindern.Nutzen Sie deshalb unsere gro\u00dfe Erfahrung in diesen Belangen. Wir beraten und vertreten Sie in folgenden Fragen: Kurzinformation von RAin Susanne D\u00f6hring zum Arbeitsrecht als Videoclip<\/p>\n","protected":false},"author":1,"featured_media":0,"parent":0,"menu_order":0,"comment_status":"closed","ping_status":"closed","template":"","meta":{"footnotes":""},"class_list":["post-244","page","type-page","status-publish","hentry"],"yoast_head":"<!-- This site is optimized with the Yoast SEO plugin v27.4 - https:\/\/yoast.com\/product\/yoast-seo-wordpress\/ -->\n<title>Arbeitsrecht | Dr. Foerster und Partner<\/title>\n<meta name=\"description\" content=\"Unsere Kanzlei ber\u00e4t und vertritt Sie in allen Fragen des Arbeitsrechts: z.B. K\u00fcndigung, Abmahnung, Arbeitszeugnisse.\" \/>\n<meta name=\"robots\" content=\"index, follow, max-snippet:-1, max-image-preview:large, max-video-preview:-1\" \/>\n<link rel=\"canonical\" href=\"https:\/\/www.ra-foerster.de\/wordpress\/arbeitsrecht\/\" \/>\n<meta property=\"og:locale\" content=\"de_DE\" \/>\n<meta property=\"og:type\" content=\"article\" \/>\n<meta property=\"og:title\" content=\"Arbeitsrecht | Dr. Foerster und Partner\" \/>\n<meta property=\"og:description\" content=\"Unsere Kanzlei ber\u00e4t und vertritt Sie in allen Fragen des Arbeitsrechts: z.B. K\u00fcndigung, Abmahnung, Arbeitszeugnisse.\" \/>\n<meta property=\"og:url\" content=\"https:\/\/www.ra-foerster.de\/wordpress\/arbeitsrecht\/\" \/>\n<meta property=\"og:site_name\" content=\"Dr. Foerster und Partner\" \/>\n<meta property=\"article:modified_time\" content=\"2025-03-18T15:47:51+00:00\" \/>\n<meta property=\"og:image\" content=\"https:\/\/www.ra-foerster.de\/wordpress\/wp-content\/uploads\/2025\/02\/cropped-Dreieck.gif\" \/>\n\t<meta property=\"og:image:width\" content=\"512\" \/>\n\t<meta property=\"og:image:height\" content=\"512\" \/>\n\t<meta property=\"og:image:type\" content=\"image\/gif\" \/>\n<meta name=\"twitter:card\" content=\"summary_large_image\" \/>\n<meta name=\"twitter:label1\" content=\"Gesch\u00e4tzte Lesezeit\" \/>\n\t<meta name=\"twitter:data1\" content=\"1\u00a0Minute\" \/>\n<script type=\"application\/ld+json\" class=\"yoast-schema-graph\">{\"@context\":\"https:\\\/\\\/schema.org\",\"@graph\":[{\"@type\":\"WebPage\",\"@id\":\"https:\\\/\\\/www.ra-foerster.de\\\/wordpress\\\/arbeitsrecht\\\/\",\"url\":\"https:\\\/\\\/www.ra-foerster.de\\\/wordpress\\\/arbeitsrecht\\\/\",\"name\":\"Arbeitsrecht | Dr. Foerster und Partner\",\"isPartOf\":{\"@id\":\"https:\\\/\\\/www.ra-foerster.de\\\/wordpress\\\/#website\"},\"datePublished\":\"2025-02-21T08:15:30+00:00\",\"dateModified\":\"2025-03-18T15:47:51+00:00\",\"description\":\"Unsere Kanzlei ber\u00e4t und vertritt Sie in allen Fragen des Arbeitsrechts: z.B. K\u00fcndigung, Abmahnung, Arbeitszeugnisse.\",\"breadcrumb\":{\"@id\":\"https:\\\/\\\/www.ra-foerster.de\\\/wordpress\\\/arbeitsrecht\\\/#breadcrumb\"},\"inLanguage\":\"de\",\"potentialAction\":[{\"@type\":\"ReadAction\",\"target\":[\"https:\\\/\\\/www.ra-foerster.de\\\/wordpress\\\/arbeitsrecht\\\/\"]}]},{\"@type\":\"BreadcrumbList\",\"@id\":\"https:\\\/\\\/www.ra-foerster.de\\\/wordpress\\\/arbeitsrecht\\\/#breadcrumb\",\"itemListElement\":[{\"@type\":\"ListItem\",\"position\":1,\"name\":\"Startseite\",\"item\":\"https:\\\/\\\/www.ra-foerster.de\\\/wordpress\\\/\"},{\"@type\":\"ListItem\",\"position\":2,\"name\":\"Arbeitsrecht\"}]},{\"@type\":\"WebSite\",\"@id\":\"https:\\\/\\\/www.ra-foerster.de\\\/wordpress\\\/#website\",\"url\":\"https:\\\/\\\/www.ra-foerster.de\\\/wordpress\\\/\",\"name\":\"Dr. Foerster und Partner\",\"description\":\"Rechtsanw\u00e4lte\",\"publisher\":{\"@id\":\"https:\\\/\\\/www.ra-foerster.de\\\/wordpress\\\/#organization\"},\"potentialAction\":[{\"@type\":\"SearchAction\",\"target\":{\"@type\":\"EntryPoint\",\"urlTemplate\":\"https:\\\/\\\/www.ra-foerster.de\\\/wordpress\\\/?s={search_term_string}\"},\"query-input\":{\"@type\":\"PropertyValueSpecification\",\"valueRequired\":true,\"valueName\":\"search_term_string\"}}],\"inLanguage\":\"de\"},{\"@type\":\"Organization\",\"@id\":\"https:\\\/\\\/www.ra-foerster.de\\\/wordpress\\\/#organization\",\"name\":\"Dr. Foerster und Partner\",\"url\":\"https:\\\/\\\/www.ra-foerster.de\\\/wordpress\\\/\",\"logo\":{\"@type\":\"ImageObject\",\"inLanguage\":\"de\",\"@id\":\"https:\\\/\\\/www.ra-foerster.de\\\/wordpress\\\/#\\\/schema\\\/logo\\\/image\\\/\",\"url\":\"https:\\\/\\\/www.ra-foerster.de\\\/wordpress\\\/wp-content\\\/uploads\\\/2025\\\/02\\\/cropped-Dreieck.gif\",\"contentUrl\":\"https:\\\/\\\/www.ra-foerster.de\\\/wordpress\\\/wp-content\\\/uploads\\\/2025\\\/02\\\/cropped-Dreieck.gif\",\"width\":512,\"height\":512,\"caption\":\"Dr. Foerster und Partner\"},\"image\":{\"@id\":\"https:\\\/\\\/www.ra-foerster.de\\\/wordpress\\\/#\\\/schema\\\/logo\\\/image\\\/\"}}]}<\/script>\n<!-- \/ Yoast SEO plugin. -->","yoast_head_json":{"title":"Arbeitsrecht | Dr. Foerster und Partner","description":"Unsere Kanzlei ber\u00e4t und vertritt Sie in allen Fragen des Arbeitsrechts: z.B. K\u00fcndigung, Abmahnung, Arbeitszeugnisse.","robots":{"index":"index","follow":"follow","max-snippet":"max-snippet:-1","max-image-preview":"max-image-preview:large","max-video-preview":"max-video-preview:-1"},"canonical":"https:\/\/www.ra-foerster.de\/wordpress\/arbeitsrecht\/","og_locale":"de_DE","og_type":"article","og_title":"Arbeitsrecht | Dr. Foerster und Partner","og_description":"Unsere Kanzlei ber\u00e4t und vertritt Sie in allen Fragen des Arbeitsrechts: z.B. K\u00fcndigung, Abmahnung, Arbeitszeugnisse.","og_url":"https:\/\/www.ra-foerster.de\/wordpress\/arbeitsrecht\/","og_site_name":"Dr. Foerster und Partner","article_modified_time":"2025-03-18T15:47:51+00:00","og_image":[{"width":512,"height":512,"url":"https:\/\/www.ra-foerster.de\/wordpress\/wp-content\/uploads\/2025\/02\/cropped-Dreieck.gif","type":"image\/gif"}],"twitter_card":"summary_large_image","twitter_misc":{"Gesch\u00e4tzte Lesezeit":"1\u00a0Minute"},"schema":{"@context":"https:\/\/schema.org","@graph":[{"@type":"WebPage","@id":"https:\/\/www.ra-foerster.de\/wordpress\/arbeitsrecht\/","url":"https:\/\/www.ra-foerster.de\/wordpress\/arbeitsrecht\/","name":"Arbeitsrecht | Dr. Foerster und Partner","isPartOf":{"@id":"https:\/\/www.ra-foerster.de\/wordpress\/#website"},"datePublished":"2025-02-21T08:15:30+00:00","dateModified":"2025-03-18T15:47:51+00:00","description":"Unsere Kanzlei ber\u00e4t und vertritt Sie in allen Fragen des Arbeitsrechts: z.B. K\u00fcndigung, Abmahnung, Arbeitszeugnisse.","breadcrumb":{"@id":"https:\/\/www.ra-foerster.de\/wordpress\/arbeitsrecht\/#breadcrumb"},"inLanguage":"de","potentialAction":[{"@type":"ReadAction","target":["https:\/\/www.ra-foerster.de\/wordpress\/arbeitsrecht\/"]}]},{"@type":"BreadcrumbList","@id":"https:\/\/www.ra-foerster.de\/wordpress\/arbeitsrecht\/#breadcrumb","itemListElement":[{"@type":"ListItem","position":1,"name":"Startseite","item":"https:\/\/www.ra-foerster.de\/wordpress\/"},{"@type":"ListItem","position":2,"name":"Arbeitsrecht"}]},{"@type":"WebSite","@id":"https:\/\/www.ra-foerster.de\/wordpress\/#website","url":"https:\/\/www.ra-foerster.de\/wordpress\/","name":"Dr. Foerster und Partner","description":"Rechtsanw\u00e4lte","publisher":{"@id":"https:\/\/www.ra-foerster.de\/wordpress\/#organization"},"potentialAction":[{"@type":"SearchAction","target":{"@type":"EntryPoint","urlTemplate":"https:\/\/www.ra-foerster.de\/wordpress\/?s={search_term_string}"},"query-input":{"@type":"PropertyValueSpecification","valueRequired":true,"valueName":"search_term_string"}}],"inLanguage":"de"},{"@type":"Organization","@id":"https:\/\/www.ra-foerster.de\/wordpress\/#organization","name":"Dr. Foerster und Partner","url":"https:\/\/www.ra-foerster.de\/wordpress\/","logo":{"@type":"ImageObject","inLanguage":"de","@id":"https:\/\/www.ra-foerster.de\/wordpress\/#\/schema\/logo\/image\/","url":"https:\/\/www.ra-foerster.de\/wordpress\/wp-content\/uploads\/2025\/02\/cropped-Dreieck.gif","contentUrl":"https:\/\/www.ra-foerster.de\/wordpress\/wp-content\/uploads\/2025\/02\/cropped-Dreieck.gif","width":512,"height":512,"caption":"Dr. Foerster und Partner"},"image":{"@id":"https:\/\/www.ra-foerster.de\/wordpress\/#\/schema\/logo\/image\/"}}]}},"_links":{"self":[{"href":"https:\/\/www.ra-foerster.de\/wordpress\/wp-json\/wp\/v2\/pages\/244","targetHints":{"allow":["GET"]}}],"collection":[{"href":"https:\/\/www.ra-foerster.de\/wordpress\/wp-json\/wp\/v2\/pages"}],"about":[{"href":"https:\/\/www.ra-foerster.de\/wordpress\/wp-json\/wp\/v2\/types\/page"}],"author":[{"embeddable":true,"href":"https:\/\/www.ra-foerster.de\/wordpress\/wp-json\/wp\/v2\/users\/1"}],"replies":[{"embeddable":true,"href":"https:\/\/www.ra-foerster.de\/wordpress\/wp-json\/wp\/v2\/comments?post=244"}],"version-history":[{"count":3,"href":"https:\/\/www.ra-foerster.de\/wordpress\/wp-json\/wp\/v2\/pages\/244\/revisions"}],"predecessor-version":[{"id":248,"href":"https:\/\/www.ra-foerster.de\/wordpress\/wp-json\/wp\/v2\/pages\/244\/revisions\/248"}],"wp:attachment":[{"href":"https:\/\/www.ra-foerster.de\/wordpress\/wp-json\/wp\/v2\/media?parent=244"}],"curies":[{"name":"wp","href":"https:\/\/api.w.org\/{rel}","templated":true}]}}